se
Is 28 a factor of 2083452?
True
Does 17 divide 289971?
False
Is 145601 a multiple of 21?
False
Is 309 a factor of 7347093?
True
Is 125452 a multiple of 36?
False
Does 25 divide 2878026?
False
Does 354 divide 5417914?
False
Does 76 divide 35948?
True
Does 14 divide 5679644?
False
Is 72866 a multiple of 268?
False
Is 18 a factor of 119718?
True
Does 74 divide 111592?
True
Is 683 a factor of 11532455?
True
Is 617 a factor of 1031624?
True
Is 1460347 a multiple of 25?
False
Does 259 divide 7462946?
False
Does 386 divide 939138?
True
Does 52 divide 53203?
False
Does 442 divide 146744?
True
Is 373 a factor of 118241?
True
Is 4 a factor of 118560?
True
Is 6050208 a multiple of 186?
True
Is 1990422 a multiple of 21?
True
Is 80 a factor of 1023205?
False
Is 301 a factor of 1360742?
False
Is 387 a factor of 419810?
False
Does 95 divide 964060?
True
Is 2 a factor of 16834?
True
Is 7 a factor of 112511?
True
Is 20 a factor of 183640?
True
Does 138 divide 163254?
True
Is 24938 a multiple of 37?
True
Is 15 a factor of 33059741?
False
Is 687575 a multiple of 65?
False
Is 128 a factor of 637844?
False
Is 15 a factor of 3668790?
True
Does 135 divide 44010?
True
Is 524966 a multiple of 793?
True
Does 91 divide 1009645?
True
Does 16 divide 313136?
True
Does 93 divide 4380036?
False
Is 157443 a multiple of 39?
True
Does 106 divide 5493249?
False
Does 373 divide 82372?
False
Does 13 divide 5607?
False
Is 4 a factor of 3638?
False
Does 11 divide 1921741?
False
Is 244032 a multiple of 16?
True
Is 11 a factor of 503382?
True
Does 566 divide 203951?
False
Is 377 a factor of 3517033?
True
Is 23438 a multiple of 23?
False
Is 2087828 a multiple of 714?
False
Is 22 a factor of 898612?
True
Does 232 divide 2952823?
False
Is 81 a factor of 384345?
True
Is 39 a factor of 7064733?
True
Is 276 a factor of 111228?
True
Does 10 divide 123524?
False
Is 51435 a multiple of 127?
True
Is 950853 a multiple of 178?
False
Is 569620 a multiple of 6?
False
Is 2009097 a multiple of 3?
True
Is 30 a factor of 87690?
True
Is 46 a factor of 105486?
False
Is 3 a factor of 853?
False
Is 1891450 a multiple of 110?
True
Is 9518856 a multiple of 12?
True
Does 191 divide 267209?
True
Does 42 divide 3685?
False
Does 56 divide 287163?
False
Is 28 a factor of 584920?
True
Is 14 a factor of 193723?
False
Is 43 a factor of 9729?
False
Is 7592 a multiple of 3?
False
Does 41 divide 81173?
False
Is 16 a factor of 137984?
True
Is 36888 a multiple of 58?
True
Is 29 a factor of 1363725?
True
Is 1478887 a multiple of 26?
False
Does 3 divide 30564?
True
Is 75 a factor of 1410512?
False
Does 28 divide 1483177?
False
Is 4 a factor of 261624?
True
Does 191 divide 7474594?
True
Is 619697 a multiple of 119?
False
Is 15 a factor of 946140?
True
Is 63 a factor of 58842?
True
Is 2020536 a multiple of 456?
True
Is 206 a factor of 35020?
True
Is 229 a factor of 8091350?
False
Does 54 divide 760212?
True
Is 116 a factor of 25978?
False
Is 1827261 a multiple of 50?
False
Does 35 divide 366100?
True
Does 119 divide 1951481?
True
Is 163523 a multiple of 7?
False
Is 21121 a multiple of 19?
False
Is 109 a factor of 432621?
True
Is 11 a factor of 6799712?
False
Is 15 a factor of 4332973?
False
Does 24 divide 377952?
True
Does 478 divide 412035?
False
Is 729917 a multiple of 16?
False
Is 3766030 a multiple of 564?
False
Is 91216 a multiple of 4?
True
Is 5 a factor of 65953?
False
Does 87 divide 32973?
True
Does 53 divide 132924?
True
Is 3501822 a multiple of 201?
True
Does 4 divide 2883312?
True
Is 418071 a multiple of 3?
True
Does 76 divide 2695318?
False
Is 52 a factor of 6937632?
True
Is 2806182 a multiple of 141?
True
Does 51 divide 354964?
False
Is 306066 a multiple of 331?
False
Is 9 a factor of 21543?
False
Is 82723 a multiple of 9?
False
Is 3656021 a multiple of 353?
True
Is 663579 a multiple of 21?
True
Is 415818 a multiple of 234?
True
Does 32 divide 172832?
True
Is 404 a factor of 13586495?
False
Is 283 a factor of 6672250?
False
Is 4672949 a multiple of 912?
False
Is 29 a factor of 7970732?
False
Is 108 a factor of 2361420?
True
Is 2315215 a multiple of 4?
False
Is 25732 a multiple of 2?
True
Is 95537 a multiple of 13?
True
Is 492167 a multiple of 20?
False
Does 388 divide 185567?
False
Is 193946 a multiple of 339?
False
Is 54 a factor of 319464?
True
Is 25 a factor of 3506157?
False
Is 25 a factor of 212650?
True
Is 306 a factor of 166066?
False
Is 69020 a multiple of 1015?
True
Does 759 divide 3456238?
False
Does 14 divide 777252?
True
Is 232592 a multiple of 6?
False
Is 952471 a multiple of 41?
True
Is 16 a factor of 277264?
True
Does 22 divide 3668697?
False
Does 245 divide 110586?
False
Does 26 divide 2483598?
True
Does 88 divide 167099?
False
Does 14 divide 4036340?
True
Is 14397060 a multiple of 438?
True
Does 829 divide 747377?
False
Is 16 a factor of 26674715?
False
Does 38 divide 31295?
False
Does 46 divide 12788?
True
Is 43387 a multiple of 9?
False
Does 171 divide 560880?
True
Does 18 divide 5078754?
True
Does 116 divide 864432?
True
Is 188710 a multiple of 334?
True
Is 21303 a multiple of 5?
False
Is 9 a factor of 264690?
True
Is 198305 a multiple of 9?
False
Is 17 a factor of 1992936?
False
Does 296 divide 2730600?
True
Does 9 divide 4000457?
False
Does 220 divide 11268654?
False
Is 324 a factor of 7268616?
True
Is 170454 a multiple of 12?
False
Is 396779 a multiple of 15?
False
Is 2558960 a multiple of 116?
True
Is 6 a factor of 375837?
False
Does 8 divide 41002?
False
Does 42 divide 256137?
False
Does 11 divide 4265767?
True
Is 16 a factor of 148719?
False
Does 92 divide 2341952?
True
Is 592 a factor of 15165?
False
Is 459 a factor of 407626?
False
Is 302 a factor of 116874?
True
Is 1750019 a multiple of 81?
False
Is 2560761 a multiple of 9?
True
Does 22 divide 1852752?
True
Is 410 a factor of 1860990?
True
Does 779 divide 50768?
False
Is 133784 a multiple of 28?
True
Is 2 a factor of 113755?
False
Is 458 a factor of 1808498?
False
Does 5 divide 1375610?
True
Is 1680993 a multiple of 27?
True
Is 85 a factor of 375870?
True
Does 6 divide 19991?
False
Is 643 a factor of 3486088?
False
Is 755071 a multiple of 5?
False
Does 6 divide 16127?
False
Does 190 divide 182667?
False
Is 6061608 a multiple of 84?
True
Is 3 a factor of 79372?
False
Does 21 divide 19665?
False
Does 179 divide 1084561?
True
Is 13 a factor of 1503926?
False
Is 10 a factor of 1247690?
True
Is 5 a factor of 111692?
False
Is 18 a factor of 90732?
False
Is 101 a factor of 79689?
True
Is 82050 a multiple of 75?
True
Does 6 divide 16236?
True
Is 15 a factor of 1215787?
False
Is 72689 a multiple of 17?
False
Does 71 divide 568910?
False
Does 19 divide 947207?
True
Does 88 divide 4815858?
False
Is 45 a factor of 710503?
False
Is 5050872 a multiple of 87?
True
Is 26949 a multiple of 61?
False
Is 30 a factor of 1224254?
False
Does 231 divide 941787?
True
Is 1716583 a multiple of 1181?
False
Is 66 a factor of 381181?
False
Is 51 a factor of 3071118?
True
Is 63 a factor of 81648?
True
Is 133 a factor of 6602918?
True
Does 613 divide 2976728?
True
Does 18 divide 3064604?
False
Is 5 a factor of 954025?
True
Does 263 divide 33664?
True
Is 1996990 a multiple of 34?
True
Is 30 a factor of 493980?
True
Is 239 a factor of 1523696?
False
Is 2981826 a multiple of 357?
False
Is 35 a factor of 199535?
True
Does 187 divide 265537?
False
Is 71 a factor of 27548?
True
Is 492 a factor of 717336?
True
Is 729 a factor of 713691?
True
Does 277 divide 197501?
True
Is 905 a factor of 8038210?
True
Is 29 a factor of 115362?
True
Is 1077824 a multiple of 8?
True
Is 1961 a factor of 2028595?
False
Is 27812043 a multiple of 192?
False
Is 31242 a multiple of 82?
True
Is 56 a factor of 415576?
True
Is 99 a factor of 7841?
False
Is 10680 a multiple of 20?
True
Is 12 a factor of 5904960?
True
Is 33640 a multiple of 10?
True
Does 6 divide 2848926?
True
Is 406546 a multiple of 994?
True
Does 50 divide 138026?
False
Is 71 a factor of 219532?
True
Is 77 a factor of 579065?
False
Does 5 divide 35835?
True
Is 57868 a multiple of 5?
False
Is 16 a factor of 49569?
False
Is 1094 a factor of 5593982?
False
Does 191 divide 45161?
False
Is 4125136 a multiple of 8?
True
Is 29 a factor of 170868?
True
Is 57 a factor of 15789?
True
Is 4944069 a multiple of 13?
True
Is 57 a factor o